rue
Is 10589 a prime number?
True
Is 537869 a prime number?
False
Is 737 prime?
False
Is 799 a prime number?
False
Is 29993 a prime number?
False
Is 399227 a composite number?
False
Is 18623 prime?
False
Is 550937 prime?
True
Is 5549 prime?
False
Is 44867 a prime number?
True
Is 7613 a prime number?
False
Is 21677 prime?
False
Is 899683 a prime number?
False
Is 156673 a prime number?
False
Is 13537 prime?
True
Is 8641 prime?
True
Is 4703 a prime number?
True
Is 2881 a prime number?
False
Is 34609 composite?
True
Is 3137 a composite number?
False
Is 15335 prime?
False
Is 41047 a prime number?
True
Is 99053 prime?
True
Is 29927 a prime number?
True
Is 81457 a composite number?
False
Is 86169 a prime number?
False
Is 1285223 a prime number?
True
Is 210331 a prime number?
False
Is 21313 prime?
True
Is 38861 composite?
False
Is 5959 a composite number?
True
Is 561299 composite?
True
Is 32183 composite?
False
Is 66449 a composite number?
False
Is 29195 a prime number?
False
Is 29327 a prime number?
True
Is 2741633 a prime number?
True
Is 311 prime?
True
Is 56369 a composite number?
False
Is 5485 a prime number?
False
Is 87991 a prime number?
True
Is 5623 a prime number?
True
Is 2129 a composite number?
False
Is 147919 prime?
True
Is 4303 composite?
True
Is 37603 a prime number?
False
Is 79997 composite?
False
Is 237257 a composite number?
False
Is 24899 prime?
False
Is 41343 a prime number?
False
Is 145577 a prime number?
True
Is 563287 prime?
True
Is 5045 a prime number?
False
Is 6617 a composite number?
True
Is 57913 composite?
True
Is 684889 a prime number?
True
Is 7817 prime?
True
Is 17285 composite?
True
Is 395 prime?
False
Is 7513 a composite number?
True
Is 379571 a composite number?
False
Is 14843 prime?
True
Is 8285 a prime number?
False
Is 6071 a prime number?
False
Is 20542 prime?
False
Is 23119 a composite number?
True
Is 309079 a prime number?
True
Is 173449 composite?
True
Is 67033 a composite number?
False
Is 140297 composite?
False
Is 2777 prime?
True
Is 297133 a prime number?
True
Is 6667 a prime number?
False
Is 171427 composite?
False
Is 56149 a prime number?
True
Is 60439 prime?
False
Is 56417 a prime number?
True
Is 64661 composite?
False
Is 617951 prime?
True
Is 11498 composite?
True
Is 1253353 a composite number?
True
Is 13031 prime?
False
Is 691 prime?
True
Is 21043 a prime number?
False
Is 10243 a composite number?
False
Is 1931 a prime number?
True
Is 10369 a composite number?
False
Is 26507 a composite number?
True
Is 60353 a prime number?
True
Is 468527 a prime number?
True
Is 112389 a composite number?
True
Is 173231 a composite number?
True
Is 107131 prime?
False
Is 13369 a composite number?
True
Is 108227 a prime number?
False
Is 1362263 composite?
True
Is 475583 composite?
False
Is 484951 prime?
True
Is 448231 composite?
True
Is 28673 a composite number?
True
Is 7269 composite?
True
Is 357451 a prime number?
False
Is 73841 composite?
True
Is 99949 composite?
True
Is 419 a prime number?
True
Is 109713 a prime number?
False
Is 8311 prime?
True
Is 581309 a composite number?
True
Is 10487 a prime number?
True
Is 417269 a prime number?
False
Is 1993 prime?
True
Is 44249 prime?
True
Is 118891 composite?
False
Is 76481 a prime number?
True
Is 252139 a composite number?
False
Is 5006 a composite number?
True
Is 128746 a composite number?
True
Is 2371 a prime number?
True
Is 6349 a composite number?
True
Is 678367 composite?
False
Is 26903 a prime number?
True
Is 268795 composite?
True
Is 7201 prime?
False
Is 351151 a prime number?
True
Is 13099 a composite number?
False
Is 157171 prime?
False
Is 28811 a prime number?
False
Is 162111 composite?
True
Is 723 prime?
False
Is 3293 prime?
False
Is 112269 composite?
True
Is 146123 a composite number?
True
Is 439 prime?
True
Is 22343 prime?
True
Is 72577 a prime number?
True
Is 195193 composite?
False
Is 3865 composite?
True
Is 5398 a composite number?
True
Is 204965 prime?
False
Is 10687 composite?
False
Is 8143 composite?
True
Is 356285 composite?
True
Is 75599 a composite number?
True
Is 25087 a prime number?
True
Is 1334603 a composite number?
False
Is 577199 prime?
False
Is 80567 a prime number?
True
Is 60769 prime?
False
Is 5507 a composite number?
False
Is 238397 composite?
False
Is 345637 a composite number?
False
Is 15869 a composite number?
True
Is 19535 a composite number?
True
Is 46301 composite?
False
Is 152809 composite?
False
Is 25013 composite?
False
Is 87063 a composite number?
True
Is 174527 composite?
False
Is 16615 prime?
False
Is 16481 a prime number?
True
Is 6641 a composite number?
True
Is 6779 prime?
True
Is 87839 prime?
False
Is 6463 prime?
False
Is 114571 prime?
True
Is 1459109 prime?
True
Is 911 composite?
False
Is 233638 prime?
False
Is 29443 a composite number?
False
Is 557 composite?
False
Is 343601 a composite number?
False
Is 142193 prime?
True
Is 144335 a composite number?
True
Is 695 composite?
True
Is 16447 a composite number?
False
Is 2345209 a prime number?
True
Is 39341 composite?
False
Is 32821 prime?
False
Is 1277747 composite?
True
Is 1111897 composite?
False
Is 33149 a prime number?
True
Is 235439 composite?
False
Is 839261 a prime number?
True
Is 1159229 prime?
True
Is 4703 composite?
False
Is 10843 a composite number?
True
Is 112069 composite?
False
Is 34837 composite?
True
Is 42611 composite?
False
Is 75791 a composite number?
True
Is 24673 a composite number?
True
Is 2579 composite?
False
Is 10559 composite?
False
Is 2327191 prime?
True
Is 729461 a composite number?
True
Is 667619 prime?
False
Is 7097 composite?
True
Is 1657259 prime?
False
Is 6761 a prime number?
True
Is 33539 composite?
True
Is 1648289 composite?
False
Is 331 a composite number?
False
Is 1117379 a composite number?
False
Is 4929781 composite?
False
Is 1268843 a composite number?
False
Is 14659 prime?
False
Is 10709 prime?
True
Is 560249 prime?
True
Is 941 composite?
False
Is 9533 a composite number?
False
Is 877913 composite?
True
Is 1393 composite?
True
Is 15053 a prime number?
True
Is 38299 a prime number?
True
Is 62579 a prime number?
False
Is 6995 a composite number?
True
Is 9813 prime?
False
Is 1506839 composite?
False
Is 75331 a composite number?
True
Is 31399 a composite number?
True
Is 1637 a prime number?
True
Is 169 a prime number?
False
Is 799891 a prime number?
True
Is 49291 a composite number?
True
Is 11983 prime?
False
Is 31063 a composite number?
False
Is 10013305 a prime number?
False
Is 1758131 a prime number?
True
Is 3984655 a composite number?
True
Is 49505 a prime number?
False
Is 115279 a composite number?
False
Is 352059 a composite number?
True
Is 61433 a composite number?
True
Is 560531 a composite number?
False
Is 65057 prime?
False
Is 137227 a composite number?
True
Is 26171 a prime number?
True
Is 44159 prime?
True
Is 389083 composite?
False
Is 42247 a prime number?
False
Is 3631 a composite number?
False
Is 624877 prime?
False
Is 24659 a composite number?
False
Is 441499 composite?
False
Is 25667 composite?
False
Is 1523 a composite number?
False
Is 13819 a prime number?
False
Is 220769 a prime number?
False
Is 59559 a prime number?
False
Is 157 a prime number?
True
Is 307243 composite?
False
Is 19831 a composite number?
True
Is 843757 prime?
True
Is 1046087 a prime number?
False
Is 2554 a composite number?
True
Is 6155 a composite number?
True
Is 2168753 composite?
False
Is 308254 a prime number?
False
Is 305917 a prime number?
True
Is 1003 a prime number?
False
Is 12023 prime?
False
Is 1873595 prime?
False
Is 166099 prime?
True
Is 47623 a prime number?
True
Is 170071 composite?
True
Is 5791 prime?
True
Is 520697 a prime number?
False
Is 18637 composite?
False
Is 480277 prime?
False
Is 43315 prime?
False
Is 4963 a prime number?
False
Is 4428395 composite?
True
Is 6563 prime?
True
Is 196477 a composite number?
False
Is 814193 a composite number?
False
Is 3433 composite?
False
Is 1144399 a prime number?
True
Is 123559 prime?
False
Is 2265841 a composite number?
False
Is 13381 a prime number?
True
Is 1370387 a prime number?
False
Is 564593 a prime number?
True
Is 762479 prime?
True
Is 359098 a prime number?
False
Is 6469 a composite number?
False
Is 13421 a prime number?
True
Is 308467 a prime number?
True
Is 244337 a composite number?
Tru